{"id":397,"date":"2026-01-08T14:53:38","date_gmt":"2026-01-08T13:53:38","guid":{"rendered":"https:\/\/econvergence.fr\/?page_id=397"},"modified":"2026-01-24T11:29:32","modified_gmt":"2026-01-24T10:29:32","slug":"mentions-legales","status":"publish","type":"page","link":"https:\/\/econvergence.fr\/index.php\/mentions-legales\/","title":{"rendered":"MENTIONS"},"content":{"rendered":"\n<h3 class=\"wp-block-heading\">\u00c9diteur du site<\/h3>\n\n\n\n<p>Le pr\u00e9sent site est \u00e9dit\u00e9 par :<\/p>\n\n\n\n<p><strong>ECONVERGENCE<\/strong><br>Soci\u00e9t\u00e9 \u00e0 responsabilit\u00e9 limit\u00e9e (SARL) au capital social de <strong>70 000 \u20ac<\/strong><\/p>\n\n\n\n<p>Si\u00e8ge social :<br><strong>144 route sous le Mont, 38620 Voissant \u2013 France<\/strong><\/p>\n\n\n\n<p>SIREN : <strong>753 489 400<\/strong><br>SIRET : <strong>753 489 400 00014<\/strong><br>Num\u00e9ro de TVA intracommunautaire : <strong>FR00753489400<\/strong><\/p>\n\n\n\n<p>Immatricul\u00e9e au <strong>RCS de Vienne<\/strong><\/p>\n\n\n\n<p>Activit\u00e9 : Conseil en syst\u00e8mes et logiciels informatiques (NAF 6202A)<\/p>\n\n\n\n<p>Directeur de la publication : <strong>Yann DAVID<\/strong>, g\u00e9rant<\/p>\n\n\n\n<h3 class=\"wp-block-heading\">H\u00e9bergement<\/h3>\n\n\n\n<p>Le site est h\u00e9berg\u00e9 par :<\/p>\n\n\n\n<p><strong>ECONVERGENCE<\/strong><br>144 route sous le Mont, 38620 Voissant \u2013 France<br> <a>info@econvergence.fr<\/a><br> +33 6 36 42 76 96<\/p>\n\n\n\n<h3 class=\"wp-block-heading\">Propri\u00e9t\u00e9 intellectuelle<\/h3>\n\n\n\n<p>L\u2019ensemble des contenus pr\u00e9sents sur ce site (textes, images, graphismes, logo, ic\u00f4nes, etc.) est la propri\u00e9t\u00e9 exclusive d\u2019ECONVERGENCE, sauf mentions contraires.<br>Toute reproduction, repr\u00e9sentation, modification ou adaptation, totale ou partielle, est interdite sans autorisation \u00e9crite pr\u00e9alable.<\/p>\n\n\n\n<h3 class=\"wp-block-heading\">Responsabilit\u00e9<\/h3>\n\n\n\n<p>ECONVERGENCE s\u2019efforce de fournir des informations aussi exactes que possible.<br>Toutefois, elle ne saurait \u00eatre tenue responsable des erreurs, omissions ou de l\u2019indisponibilit\u00e9 temporaire des informations.<\/p>\n\n\n\n<h3 class=\"wp-block-heading\">Politique de confidentialit\u00e9<\/h3>\n\n\n\n<h4 class=\"wp-block-heading\">Respect de la vie priv\u00e9e<\/h4>\n\n\n\n<p>ECONVERGENCE accorde une importance particuli\u00e8re \u00e0 la protection de la vie priv\u00e9e des utilisateurs de son site internet.<\/p>\n\n\n\n<h4 class=\"wp-block-heading\">Absence de collecte de donn\u00e9es personnelles<\/h4>\n\n\n\n<p>Le site propose un formulaire permettant d\u2019\u00e9valuer la maturit\u00e9 d\u2019un syst\u00e8me informatique.<br>Les informations saisies dans ce formulaire :<\/p>\n\n\n\n<ul class=\"wp-block-list\">\n<li>ne sont <strong>ni transmises<\/strong>,<\/li>\n\n\n\n<li>ni <strong>enregistr\u00e9es<\/strong>,<\/li>\n\n\n\n<li>ni <strong>stock\u00e9es<\/strong>,<\/li>\n\n\n\n<li>ni <strong>accessibles<\/strong> par ECONVERGENCE.<\/li>\n<\/ul>\n\n\n\n<p>Aucun traitement de donn\u00e9es personnelles n\u2019est effectu\u00e9 via ce formulaire.<\/p>\n\n\n\n<h4 class=\"wp-block-heading\">Donn\u00e9es techniques et cookies<\/h4>\n\n\n\n<p>Le site ne met en \u0153uvre aucun dispositif de suivi, de mesure d\u2019audience ou de profilage.<br>Aucun cookie n\u00e9cessitant le consentement de l\u2019utilisateur n\u2019est utilis\u00e9.<\/p>\n\n\n\n<h3 class=\"wp-block-heading\">Contact<\/h3>\n\n\n\n<p>Pour toute question relative \u00e0 la protection des donn\u00e9es, \u00e0 la politique de confidentialit\u00e9 ou autre vous pouvez contacter : <strong><a>DPO@econvergence.fr<\/a><\/strong><\/p>\n\n\n\n<p><\/p>\n\n\n\n<p><\/p>\n","protected":false},"excerpt":{"rendered":"<p>\u00c9diteur du site Le pr\u00e9sent site est \u00e9dit\u00e9 par : ECONVERGENCESoci\u00e9t\u00e9 \u00e0 responsabilit\u00e9 limit\u00e9e (SARL) au capital social de 70 000 \u20ac Si\u00e8ge social :144 route sous le Mont, 38620 Voissant \u2013 France SIREN : 753 489 400SIRET : 753 489 400 00014Num\u00e9ro de TVA intracommunautaire : FR00753489400 Immatricul\u00e9e au RCS de Vienne Activit\u00e9 : [&hellip;]<\/p>\n","protected":false},"author":1,"featured_media":0,"parent":0,"menu_order":0,"comment_status":"closed","ping_status":"closed","template":"","meta":{"footnotes":""},"class_list":["post-397","page","type-page","status-publish","hentry"],"_links":{"self":[{"href":"https:\/\/econvergence.fr\/index.php\/wp-json\/wp\/v2\/pages\/397","targetHints":{"allow":["GET"]}}],"collection":[{"href":"https:\/\/econvergence.fr\/index.php\/wp-json\/wp\/v2\/pages"}],"about":[{"href":"https:\/\/econvergence.fr\/index.php\/wp-json\/wp\/v2\/types\/page"}],"author":[{"embeddable":true,"href":"https:\/\/econvergence.fr\/index.php\/wp-json\/wp\/v2\/users\/1"}],"replies":[{"embeddable":true,"href":"https:\/\/econvergence.fr\/index.php\/wp-json\/wp\/v2\/comments?post=397"}],"version-history":[{"count":9,"href":"https:\/\/econvergence.fr\/index.php\/wp-json\/wp\/v2\/pages\/397\/revisions"}],"predecessor-version":[{"id":520,"href":"https:\/\/econvergence.fr\/index.php\/wp-json\/wp\/v2\/pages\/397\/revisions\/520"}],"wp:attachment":[{"href":"https:\/\/econvergence.fr\/index.php\/wp-json\/wp\/v2\/media?parent=397"}],"curies":[{"name":"wp","href":"https:\/\/api.w.org\/{rel}","templated":true}]}}